t the prime factors of l(2).
2, 3, 431
Let a(p) be the first derivative of p**3 + 8*p**2 - 18*p + 8. Let m be (0 + -6)/((-32)/(-48)). What are the prime factors of a(m)?
3
Suppose 5*c + 4*v - 36825 - 110196 = 0, 0 = -c + v + 29415. List the prime factors of c.
3, 9803
What are the prime factors of 6/(-126)*-111 + -5 - 132366/(-14)?
5, 31, 61
Let y be (-6)/39 - (-238)/26. Let l(q) = -q**3 + 10*q**2 + 8*q + 4. What are the prime factors of l(y)?
157
Let m(f) = -6*f**3 - 2. Let n be m(-2). Let h = n - -13. Let y = h - 10. What are the prime factors of y?
7
Let w(d) = 3152*d + 5720. What are the prime factors of w(10)?
2, 5, 7, 19
Let z(x) = -x**2 + 26*x + 39. Let y(d) = -d. Let m(s) = y(s) + z(s). Let t be m(21). Let o = 246 - t. What are the prime factors of o?
3, 41
Suppose -5*n = -8 - 42. Suppose n*z = 6*z + 1328. What are the prime factors of z?
2, 83
Let u = -1147 - -3452. What are the prime factors of u?
5, 461
Let x(k) = k**2 + 4*k - 85. Let y be x(8). Suppose 0 = -y*d + 446 + 8574. List the prime factors of d.
2, 5, 41
Suppose -2*g = 11*l - 149513, 125*g = 130*g + l - 374021. List the prime factors of g.
2, 113, 331
Let f(c) = 2*c**2 - 35*c + 2567. What are the prime factors of f(-176)?
7, 23, 439
Suppose -10*p = -11*p + 6. List the prime factors of ((-136)/p)/((-105)/(-36) - 3).
2, 17
Let r = 81 + -77. Suppose 5*c + 156 - 1442 = z, -2*z - 1030 = -r*c. Let o = 372 - c. What are the prime factors of o?
5, 23
Let n(r) = 33*r + 118. Let i be n(5). Suppose 0 = 6*q - 4765 + i. List the prime factors of q.
3, 83
Suppose -123886 = -7*n - 11816. List the prime factors of n.
2, 5, 1601
Let x(j) = j**3 + 7*j**2 - 8*j + 3. Let c be x(-8). Suppose -6*b = -b + 4*a - 1463, -877 = -c*b - 2*a. What are the prime factors of b?
3, 97
Let a(t) = -t**2 - t**2 - 20*t + 5 + t**3 + 13*t - 4*t**2. Let z be a(7). Suppose 2*j + 158 = -4*b + 566, -z*b = j - 516. What are the prime factors of b?
2, 13
Let x be ((9 - 4)/(-10))/((-4)/88). Suppose h + 6380 = x*h. What are the prime factors of h?
2, 11, 29
Suppose -4*s = -y - 2*s + 16, -3*s - 15 = 0. Suppose y*u - 3486 = -8*u. List the prime factors of u.
3, 83
Let r(b) = 7*b**2 - 103*b + 1274. List the prime factors of r(16).
2, 709
Let r(s) = 955*s + 4678. List the prime factors of r(16).
2, 17, 587
Let h(y) = -334*y - 2011. Let z be h(-6). Suppose 13 = 2*t - 7. List the prime factors of t/35 - 684/z.
2, 7
Let l(y) = -y**3 - 5*y**2 + 5*y - 1. Let j be l(-6). Suppose 0 = j*p + 3*f - 617, p = -2*p + 2*f + 355. Let k = -59 + p. List the prime factors of k.
2, 31
Suppose 0*q - 40 = -8*q. Suppose q*p = 2*p + 5*h + 32, -5*p - 4*h = -4. Suppose 0 = 2*z - p*n - 36 - 16, 4*z - 76 = n. What are the prime factors of z?
2, 3
Let y(k) = -3*k + 32. Let l(n) = 2*n - 16. Let t(q) = 5*l(q) + 3*y(q). Let h be t(4). Suppose -5*j = h, -c + 6*j + 177 = 4*j. What are the prime factors of c?
13
Let x = 10507 - 8756. What are the prime factors of x?
17, 103
Suppose -1010 = 10*r - 12*r. Suppose r = 4*b - 15. Suppose -5*s = -b - 145. List the prime factors of s.
5, 11
Let g = -1600 - -4208. Suppose -7*p + g = -2187. What are the prime factors of p?
5, 137
Let x(m) = -m**3 - 20*m**2 + 5*m - 42. Let b be x(-19). Let i = b + 1436. Suppose 4*y + 3*k + 121 = i, 1020 = 5*y + 5*k. What are the prime factors of y?
5, 41
Let u(q) = -q**3 + 8*q**2 - 8*q + 9. Let n be u(7). Suppose -8 = -o - n*p, 2*o - p = 7*o - 22. List the prime factors of 4 - o*(1 + -7).
2, 7
What are the prime factors of (154935/15 - -20) + -3*(-1)/3?
2, 3, 5, 23
Suppose -13*f + 1400 + 107072 = 0. What are the prime factors of f?
2, 7, 149
Suppose 3*h + c - 111588 = 0, 131*h + 4*c = 128*h + 111597. What are the prime factors of h?
5, 43, 173
Suppose 6*w = 704 + 76. Let g = 128 - w. What are the prime factors of (g/(-5))/((-58)/(-28855))?
199
Suppose -26584 + 5876 = -4*h - 4*k, 0 = 2*h + 5*k - 10363. What are the prime factors of h?
2, 13, 199
Suppose -72*x + 6762223 - 1179922 = 549933. What are the prime factors of x?
2, 3, 11, 353
What are the prime factors of (-25)/(1625/52) + (-191517)/(-15)?
17, 751
Let u(s) = 44*s + 7. Let o(n) = -21*n - 2. Let k(x) = 15*o(x) + 6*u(x). List the prime factors of k(-19).
3, 109
Let v = -10 + 17. Let i be (6/(-9))/(12535/(-12525) - -1). Suppose 2*s - v*s = -i. What are the prime factors of s?
167
What are the prime factors of 8 + 3 - (26 - 29219)?
2, 7, 149
Let o be (4/10)/((-14)/(-840)). Suppose 0 = 5*v - 25, v + 44 + o = u. List the prime factors of u.
73
Let j be (-498)/(-14) - 39/(-91). Let y be (-3)/(-1)*4656/j. Suppose -6*c + 98 = -y. What are the prime factors of c?
3
Let m(l) be the second derivative of -53*l**3/3 - 81*l**2 + 2*l - 3. What are the prime factors of m(-9)?
2, 3, 11
List the prime factors of 4020354/(-1755)*((-40)/6 + 0).
2, 23, 83
Let i(z) be the second derivative of z**6/120 - z**5/4 + 5*z**3/2 + 6*z**2 + 25*z. Let g(q) be the first derivative of i(q). List the prime factors of g(15).
3, 5
What are the prime factors of (112/280 - (-1)/(-5))*15 + 88396?
109, 811
Let v = -1235 + 820. Let o = v - -697. List the prime factors of o.
2, 3, 47
Let k(z) = 89*z + 8. Let v = -134 - -137. List the prime factors of k(v).
5, 11
Suppose -248004 = -19*p + 593673 + 143568. What are the prime factors of p?
3, 5, 3457
What are the prime factors of 2/69 + (-460640)/(-138)?
2, 1669
Suppose 0 = -36*b + 128*b - 101316 - 685928. What are the prime factors of b?
43, 199
Let a be 987/189 + -5 - 22/18. Suppose -4*p + i + 138 = 0, -p - 3*p - 4*i = -148. List the prime factors of (395/p + a)/((-6)/(-56)).
2, 3
Let t = -375 + 379. Suppose -4*q = 4, 2114 = t*z + 3*q - 131. What are the prime factors of z?
2, 281
Suppose 34859 + 12719 = 4*c + 14190. What are the prime factors of c?
17, 491
Suppose 12 = -3*x + 5*f, -48*x + 47*x - 24 = 5*f. List the prime factors of (-57615)/(-45) - (-12)/x - 4.
3, 5, 17
Suppose -77*x = -3*v - 78*x + 30458, -v + 3*x + 10166 = 0. What are the prime factors of v?
2, 5077
What are the prime factors of (5 - -3 - 5437)*6/(-2)?
3, 61, 89
Suppose 0*j = -6*j - 24. Let k be (6/3)/(-1*2/j). What are the prime factors of 211 + (-4*3)/k?
2, 13
Suppose -38 = -2*z + 35*l - 30*l, -2*z = 5*l + 22. Let w be 1*(2 + -1) - -442. Suppose -z*p + 257 = -w. List the prime factors of p.
5, 7
Suppose -w + 1 = -3. Let s(y) = 4*y**2 - 15*y + 17. Let i be s(-9). Suppose -k + 113 = 2*z, 3*z - z = -w*k + i. What are the prime factors of k?
11
Suppose 0 = -4*k - 25569 - 491. List the prime factors of k/(-6) + (-7)/(-42).
2, 3, 181
Suppose 346*i = 343*i + 3021. Suppose -7350 = -1017*d + i*d. What are the prime factors of d?
3, 5, 7
Let s = 5522 - -146. List the prime factors of s.
2, 13, 109
Suppose 0 = -2*g - 27 - 1. Let v be 15/30 - 1/(4/g). Suppose 5*h = v*h + 88. List the prime factors of h.
2, 11
Suppose 0 = -62*f + 243 + 67. Suppose -2*n + f*a - 2*a = -2547, 0 = -2*n - 2*a + 2562. List the prime factors of n.
2, 3, 71
Suppose -8*l + 9 - 33 = 0. List the prime factors of (-8)/l*(-4290)/(-20).
2, 11, 13
Let c be 908 + 8*3/4. Suppose 5*o - 3*o = y - 460, 0 = 2*y + 2*o - c. List the prime factors of y.
2, 229
Let p(r) = r + 14. Let u be p(-15). Let l be -1*1/(0 - 1)*u. List the prime factors of ((-7224)/16 - l/(-2))/(-2).
2, 113
Let u(s) = 5*s**3 + 11*s**2 - 7*s - 9. Let c be u(-5). List the prime factors of c/(-144)*328/6.
3, 41
List the prime factors of ((-23916)/24)/(78/(-12) + 6).
1993
Suppose 1795 = 16*f - 2029. Let l be (6/15)/((-1)/(-5)). Suppose -f = -3*a - l. List the prime factors of a.
79
Let l = -1328 + 1336. Let t be ((-436)/6)/(4/(-6)). Let j = l + t. List the prime factors of j.
3, 13
Let u = 4956 - 3221. Suppose -4*x - y + 1375 = 0, 3*y = 5*x + y - u. Suppose -4 = s + 1, -5*s - x = -5*t. What are the prime factors of t?
2
Suppose 33*r = -36*r + 890026 - 142411. What are the prime factors of r?
5, 11, 197
Let h(m) = 5*m + 51. Let i(y) = 2*y - 44. Let a be i(22). Let g be h(a). Suppose 109 = 4*u - g. What are the prime factors of u?
2, 5
Suppose -1363293 - 670323 = -52*b. What are the prime factors of b?
2, 3, 3259
Let k(m) = 50*m + 25. Let h be k(6). Let l = 1684 - h. What are the prime factors of l?
3, 151
Let f be ((-92)/6)/(2*(-5)/135). Suppose f = 10*j - 2213. List the prime factors of j.
2, 11
Suppose 5*z = 2*a - 243, 3*z - 2 = z